he greatest common divisor of 15 and t.
15
Suppose 13 = -2*i - r + 51, 5*i + 2*r = 94. Let o = i - 6. What is the greatest common factor of o and 4?
4
Let y(n) = -n**3 - n**2 + n + 2. Let z be y(-2). Suppose 7 + 5 = -z*f, 0 = 4*a - 4*f - 228. Calculate the highest common factor of 36 and a.
18
Suppose -3*x + 133 = -0*p - p, 3*p - 231 = -5*x. What is the greatest common factor of x and 15?
15
Let g(u) = -14*u - 66. Let s be g(-5). Calculate the greatest common divisor of 8 and s.
4
Let q = -4 - -1. Let m be -2 - (-4)/(q/(-3)). What is the highest common factor of m and 10?
2
Let q(m) = 3*m**2 - 3*m - 3. Let v be q(3). Suppose -2*o = -6, 3*g + 0*g = -o + 18. What is the greatest common divisor of v and g?
5
Let x be ((-3)/9)/(2/1002). Let i = 293 + x. Calculate the highest common factor of 18 and i.
18
Suppose 0 = 2*h + 10, -4*q + 284 = -4*h + 96. What is the highest common factor of q and 3?
3
Let u be (-55)/(-15) - 2/3. Suppose -4*m + 0*m + 71 = -u*g, -3*m + 22 = 4*g. Calculate the greatest common factor of 7 and m.
7
Let l(d) = -2*d**2 - 3*d - 1. Let w be l(-2). Let q(b) = 3*b**2 + 4*b + 3. Let j be q(w). What is the greatest common factor of j and 6?
6
Let b(i) = 8*i + 204. Let d be b(-25). Let v(h) = h**3 + 6*h**2 + 3*h + 6. Let c be v(-5). What is the highest common divisor of d and c?
4
Suppose -5*t + 53 = -67. Calculate the greatest common factor of 6 and t.
6
Suppose 30*o - 250 = 25*o. What is the highest common divisor of 20 and o?
10
Let z = 51 - 15. What is the greatest common factor of z and 12?
12
Let o(s) = 2*s + 1. Let u be o(4). Let x = u + -7. Let n(q) = 3*q + 1. Let y be n(3). What is the greatest common factor of x and y?
2
Suppose -585 = -5*r - 0*r. Let w = r + -27. What is the highest common divisor of w and 10?
10
Let q = 1339 + -859. Suppose -2*c - c = -q. What is the greatest common factor of 16 and c?
16
Let m = 21 + -11. Suppose -4*b + 258 = 3*t + 52, 4 = -4*b. What is the greatest common factor of t and m?
10
Let k = -3 - -6. Suppose 287 = k*j - 28. Calculate the highest common divisor of 15 and j.
15
Suppose 4*j + 5*t - 6*t - 173 = 0, 0 = -j - 4*t + 39. Suppose -j = -2*l + 1. Calculate the greatest common divisor of l and 2.
2
Let j(u) = 3*u**2 - 2*u - 1. Suppose -t + 9 = 2*t. Let c be j(t). Let v = 17 - 9. What is the highest common factor of c and v?
4
Suppose 5*n = u - 15, u - 4*n = -0*u + 16. What is the highest common factor of u and 5?
5
Let q(o) = -o**3 + 6*o**2 + 10*o - 2. Let y = 19 + -12. Let n be q(y). Calculate the highest common divisor of n and 19.
19
Suppose -2*k + 46 = -434. Suppose -o + 3*o = k. Suppose 4*l = -0*x - x + 15, 5*x + 5*l = o. Calculate the greatest common divisor of 3 and x.
3
Let x = 3 - 1. Suppose -x*b - 10 = -7*b. Suppose -b*z + 3 = -19. What is the greatest common factor of 44 and z?
11
Let a be (-3)/(-4 + 308/80). Calculate the highest common factor of 30 and a.
10
Let i(l) = -25*l**3 - l + 1. Let m be i(1). Let q = m + 37. Calculate the highest common factor of q and 36.
12
Let i = -30 + 2. Let x = 50 + i. Calculate the greatest common divisor of x and 11.
11
Suppose 4*b - 21 = 3*b. Let t(f) = -2*f - 2. Let i be t(-6). Let j = 31 - i. What is the greatest common factor of b and j?
21
Suppose 2*n - 1 - 1 = 0. Let v = n + 11. Calculate the highest common factor of v and 12.
12
Suppose 0*c = -4*c - 4. Let o be 2/((-18)/14 - c). Let r = o + 16. Calculate the highest common factor of r and 6.
3
Let m = 39 - 35. Calculate the greatest common divisor of 4 and m.
4
Suppose -p - 5*d + 13 = 0, 2*p - 4 = -5*d + 17. Suppose -4*n + 134 = -90. What is the highest common factor of n and p?
8
Suppose -120 = -4*x + 60. Let s be 837/x - 4/(-10). What is the greatest common factor of 19 and s?
19
Suppose 3*u - 5*o + 10 = u, -5*u + 17 = -2*o. Let q be (-2 + 2)/(-1) + 25. Calculate the highest common factor of u and q.
5
Let f(t) = t**3 - t**2 - 2*t + 30. Let c be f(0). Let j(o) = -o. Let m be j(0). Let h be 1 + (m - -19) - 0. Calculate the greatest common divisor of c and h.
10
Let c(y) = -y**3 + y**2 - 3*y + 18. Let l be c(0). What is the highest common divisor of l and 45?
9
Let t be 3/(-1 + -2) + 24. Let u = -11 + t. Calculate the highest common divisor of u and 96.
12
Let a be 3/(-18) - 8452/(-24). Calculate the highest common divisor of 32 and a.
32
Let y be 2/6*(9 - 3). Suppose 5*w + 2 + 8 = 2*n, -y*n - 3*w + 10 = 0. Calculate the highest common divisor of 35 and n.
5
Let a(v) = -v + 2. Let r be a(6). Let i be r/(-18) + (-2696)/(-18). Calculate the highest common factor of 25 and i.
25
Let o = 11 - 6. Suppose o*h = -85 + 1170. Let d = h - -14. What is the greatest common divisor of 21 and d?
21
Let j(r) = 6*r - 9. Let k be j(7). Suppose 2*l - 56 + 6 = 0. Let f = 36 - l. What is the greatest common divisor of f and k?
11
Let h be 3/(-9) + 52/(-6). Let q = -6 - h. Suppose -5*p - 2*t + 3*t + 162 = 0, 4*t = -q*p + 111. What is the greatest common factor of p and 22?
11
Let h(t) = -15*t**3 - 2*t**2 + 2*t + 3. Let w be h(-1). What is the greatest common factor of 112 and w?
14
Let x(n) = 2*n**2 - 11*n - 2. Let c be x(7). Calculate the greatest common divisor of c and 57.
19
Let p(r) = -r + 30. Let y be p(8). Calculate the highest common divisor of y and 2.
2
Suppose 0 = 3*q + 5 - 38. Let u = 2 + 5. Let p(b) = b**3 - 8*b**2 + 9*b + 8. Let o be p(u). What is the highest common factor of q and o?
11
Let d(a) = a + 187. Let u be d(0). Suppose p = -5*j + 20, 2 + 18 = 2*j - 2*p. Let k = 22 - j. Calculate the highest common factor of u and k.
17
Suppose 5*u + 248 = 388. What is the greatest common factor of 14 and u?
14
Let g = 26 - -7. Let c = g - -3. Suppose 46 = 4*s + 2*r, 3*r + 27 = 4*s + 6. Calculate the greatest common factor of s and c.
9
Let g = 404 + -134. Suppose 4*c - g = c. What is the greatest common factor of c and 10?
10
Let r(z) = -48*z. Let f be r(-3). Calculate the greatest common factor of f and 36.
36
Let j(b) = -21*b + 6. Let l be j(-4). Let o = -16 + 26. What is the highest common factor of o and l?
10
Let z(h) = -h**2 + 9*h - 3. Let c(o) = o + 2. Let y be c(6). Let u be z(y). What is the greatest common factor of 45 and u?
5
Suppose -t = -0*n + 2*n - 15, n - 15 = -2*t. Suppose -4*u = -5*l - t, -u - 4*u + 2*l = -19. Let g = u - -15. What is the greatest common divisor of g and 4?
4
Suppose -5*i - 31 = -1. Let c = i + 17. Let t(y) = 12*y - 11. Let h be t(11). Calculate the highest common factor of h and c.
11
Suppose 3*g - 3 = -0. Suppose -3*a - 18 = -3*z, -5 = -2*a + 7*a. Suppose 5*j + z = 25. What is the highest common divisor of j and g?
1
Suppose -39 = -f - 9. Let v be ((-8)/(-16))/(2/20). Suppose v*y - 53 = 47. Calculate the greatest common divisor of y and f.
10
Let k = 78 - 72. What is the greatest common divisor of 4 and k?
2
Let h(f) = f - 5. Let j be h(-6). Let l be 6/33 - 603/j. Let o = -24 + 46. What is the greatest common factor of l and o?
11
Let h = 28 - 16. Calculate the highest common divisor of h and 8.
4
Let j(u) = 4*u**2 + 2*u. Let y(o) = 3*o**3 - o. Let x be y(-1). Let h be j(x). What is the highest common divisor of h and 30?
6
Let q(c) = c + 1. Let z(k) = -18*k**2 - 2*k - 3. Let p(j) = 3*q(j) + z(j). Let i be p(3). Let h = i - -222. What is the greatest common divisor of h and 21?
21
Suppose 16 + 54 = 5*l. Let t = 2 + 0. Suppose t*u - 126 = u. Calculate the greatest common divisor of u and l.
14
Let d be 242/15 - (-12)/(-90). Suppose d = v - 5*y, v - y + 6*y - 16 = 0. Calculate the highest common factor of 128 and v.
16
Suppose -4*d + 97 = -47. Let x(t) = t**2 + 18*t + 9. Let j be x(-18). What is the greatest common divisor of d and j?
9
Suppose g - 59 = 39. What is the greatest common factor of g and 28?
14
Suppose 15 = k + 4. Suppose 198 = -6*s + 12*s. What is the greatest common factor of k and s?
11
Suppose 2*j + j = -9. Let b(n) = -13*n + 6. Let s(w) = -6*w + 3. Let h(u) = -4*b(u) + 9*s(u). Let f be h(j). Calculate the greatest common factor of f and 36.
9
Suppose 22*c = 13*c + 1080. What is the highest common divisor of 15 and c?
15
Suppose -4*j + 124 = 2*l, -2*j = 2*l - j - 121. Calculate the greatest common divisor of l and 24.
12
Let b = -5 + 4. Let z = 2 - b. Suppose -2*x + 24 = 4*n, 4*x - 2*n = -n + 3. What is the greatest common divisor of x and z?